56*r**2 - 1344*r + 443. Give x(149).
-4
Let m(l) = 109*l**2 - 23*l + 1. Give m(1).
87
Let d(g) = -g**2 + 29*g - 46. Calculate d(27).
8
Let i(t) = 53*t + 13. Calculate i(4).
225
Let j(n) = 2*n**2 + 108*n - 236. What is j(-55)?
-126
Let i(o) = o**2 + 33*o - 292. What is i(-39)?
-58
Let s(b) = -b**3 - 6*b**2 + 17*b + 17. Calculate s(-8).
9
Let p(h) = -31*h - 582. Determine p(-20).
38
Let v(b) = -2*b**2 + b + 59. Calculate v(0).
59
Let r(o) = 35*o + 1870. Determine r(-44).
330
Let f(c) = 788*c - 52010. Determine f(66).
-2
Let r(j) = -j**2 - 28*j + 3397. What is r(46)?
-7
Let m(z) = -z**3 + 15*z**2 + 102*z + 90. Determine m(20).
130
Let s(c) = -c**3 + 4*c**2 - 229*c + 911. What is s(4)?
-5
Let s(h) = -2*h**2 - 4*h + 39. What is s(0)?
39
Let k(s) = -10466*s + 52333. What is k(5)?
3
Let v(k) = k**3 - 34*k**2 + 293*k - 92. Calculate v(18).
-2
Let h(d) = -40*d**2 - 402*d + 71. Give h(-10).
91
Let p(u) = -10*u**2 + 9*u + 43. Give p(0).
43
Let z(g) = 131*g + 140. Calculate z(-1).
9
Let v(s) = 3*s**2 + 46*s - 142. Give v(-18).
2
Let s(q) = 8*q - 145. Give s(24).
47
Let d(h) = 2*h**3 + 42*h**2 + 35*h - 76. Calculate d(-20).
24
Let s(t) = -t**2 - 29*t - 179. What is s(-19)?
11
Let p(a) = -1446*a + 2888. Determine p(2).
-4
Let v(u) = 38*u + 411. Give v(-22).
-425
Let n(t) = -t**3 + 8*t**2 - 173*t + 167. Give n(1).
1
Let p(c) = -39805*c + 1. Give p(0).
1
Let y(t) = -239*t + 434. What is y(2)?
-44
Let x(y) = 454*y - 1693. Determine x(4).
123
Let q(y) = 110*y - 1547. What is q(14)?
-7
Let x(g) = -g**3 + 17*g**2 + 152*g - 5. Calculate x(-6).
-89
Let t(u) = -8*u - 146. Determine t(27).
-362
Let r(l) = 3*l**2 + 42*l - 231. What is r(-15)?
-186
Let c(w) = -3*w**3 + 121*w**2 - 1171*w + 37. Calculate c(16).
-11
Let d(v) = -v**2 - 84*v - 77. What is d(-83)?
6
Let q(w) = w**3 + 76*w**2 + 296*w + 572. Calculate q(-72).
-4
Let z(o) = -o**2 + 1838*o + 1840. What is z(-1)?
1
Let c(d) = 2*d**3 - 55*d**2 + 161*d + 149. Give c(24).
-19
Let h(g) = 3*g**2 - 418*g + 547. Give h(138).
-5
Let p(a) = 1525*a + 15317. What is p(-10)?
67
Let z(r) = -r**3 + 10*r**2 - 3*r - 8. What is z(10)?
-38
Let b(v) = v**2 - 417*v - 2522. Give b(-6).
16
Let k(w) = 90*w - 11068. Calculate k(123).
2
Let c(m) = -70*m + 955. What is c(14)?
-25
Let s(c) = -c**2 + 171*c - 5162. Determine s(39).
-14
Let p(l) = l**3 - 5*l**2 + 67*l - 495. Give p(6).
-57
Let n(s) = 12*s - 84. What is n(9)?
24
Let c(a) = -2*a**3 + 354*a**2 + 355*a + 227. What is c(178)?
49
Let y(b) = -2*b**3 - 55*b**2 + 22*b - 61. Calculate y(-28).
107
Let x(t) = 2*t**2 + 19*t + 8. What is x(-8)?
-16
Let h(i) = -35*i + 2359. What is h(69)?
-56
Let o(n) = -n**3 + 7*n**2 - 25*n + 209. Determine o(8).
-55
Let h(q) = 50*q**2 - 25*q + 4. Give h(1).
29
Let x(w) = 144*w**2 - w - 3. Calculate x(-1).
142
Let s(v) = -v**3 + 52*v**2 + 477*v + 199. What is s(60)?
19
Let o(v) = -30*v**2 + 18*v + 6. Give o(-1).
-42
Let u(z) = 547*z - 2188. Calculate u(4).
0
Let c(d) = -31692*d - 348620. Determine c(-11).
-8
Let w(a) = a**3 + 21*a**2 + 4*a + 76. What is w(-21)?
-8
Let y(a) = -29*a + 552. Give y(19).
1
Let j(y) = 3*y**3 + 141*y**2 - 454*y - 187. Calculate j(-50).
13
Let j(t) = t**3 - 29*t**2 - 23*t - 301. Calculate j(30).
-91
Let a(x) = -2*x**3 - 595*x**2 - 285*x + 3569. Calculate a(-297).
5
Let c(u) = 3*u**3 - 101*u**2 - 137*u - 80. Determine c(35).
25
Let y(k) = 348*k + 5573. Calculate y(-16).
5
Let d(m) = 18*m + 1268. Calculate d(-74).
-64
Let c(s) = -24*s - 480. What is c(-15)?
-120
Let z(p) = -28*p - 824. Calculate z(-22).
-208
Let d(j) = -j**3 + 5*j**2 + 10*j - 26. Determine d(6).
-2
Let p(j) = -3*j**2 + 72*j - 154. Give p(22).
-22
Let i(a) = -2*a - 44. Determine i(-23).
2
Let t(j) = j**3 + 19*j**2 + 75*j + 5. Give t(-13).
44
Let h(x) = 772*x + 3864. What is h(-5)?
4
Let t(g) = 687*g - 13044. Give t(19).
9
Let l(m) = -m**2 - 25*m - 13. Give l(-19).
101
Let x(i) = -24*i**3 - 12*i**2 + 23*i. Calculate x(2).
-194
Let f(z) = -2*z**2 - 9*z + 45. Determine f(8).
-155
Let r(z) = 2*z**3 - 28*z**2 - 31*z + 21. Give r(15).
6
Let o(y) = -y**3 + 230*y**2 - 290*y + 13971. Determine o(229).
2
Let d(g) = g**2 + 121*g - 2721. What is d(-140)?
-61
Let k(o) = -17*o**2 - 1244*o - 218. What is k(-73)?
1
Let h(t) = 3*t**3 + 56*t**2 + 90*t + 2084. Calculate h(-19).
13
Let w(t) = 2*t**2 + 26*t - 36. Calculate w(-19).
192
Let v(k) = k**2 + 28*k + 150. What is v(-11)?
-37
Let j(i) = 49*i - 247. Determine j(4).
-51
Let n(z) = z**3 - 6*z**2 + 4*z + 24. Determine n(3).
9
Let k(t) = -17*t**2 + 3*t - 19. Calculate k(3).
-163
Let v(x) = 23*x**3 + 162*x**2 + 2*x - 35. What is v(-7)?
0
Let r(s) = 354*s + 1420. Give r(-4).
4
Let z(f) = -f**2 + 11*f + 202. Give z(21).
-8
Let z(f) = 3*f**3 - 54*f**2 - 40*f + 54. Determine z(19).
377
Let w(h) = 60*h - 3493. Calculate w(58).
-13
Let l(o) = 84*o**2 + 70*o - 140. Calculate l(2).
336
Let z(w) = -2*w**3 + 5*w**2 + 5*w. Give z(4).
-28
Let d(n) = n**3 + 3*n**2 - 12*n + 30. What is d(-7)?
-82
Let w(s) = s**3 + 4*s**2 - 19*s - 137. What is w(-6)?
-95
Let z(p) = p**3 - 15*p**2 - 15*p + 31. What is z(16)?
47
Let j(m) = -61*m**2 - 292*m + 16. What is j(-5)?
-49
Let n(m) = 69*m + 104. What is n(-3)?
-103
Let a(f) = -3*f**3 - 56*f**2 - 99*f - 256. Determine a(-17).
-18
Let p(i) = i**3 - 13*i**2 - 196*i + 1421. Give p(6).
-7
Let k(f) = f**3 + 16*f**2 - 37*f - 82. Calculate k(-18).
-64
Let m(a) = 2*a**2 + 10*a - 125. Determine m(-13).
83
Let l(q) = 72*q + 4385. Give l(-61).
-7
Let p(a) = 3*a**2 + 35*a + 120. Determine p(-5).
20
Let i(y) = y**3 - 45*y**2 + 166*y - 89. Determine i(41).
-7
Let c(w) = 9*w - 83. Calculate c(31).
196
Let c(j) = 13*j - 61. What is c(7)?
30
Let t(w) = 419*w - 15900. Calculate t(38).
22
Let z(r) = r**3 + 9*r**2 - 57*r - 368. Determine z(-6).
82
Let o(h) = 8*h**3 - 15*h + 19. Give o(2).
53
Let o(c) = -9*c - 77. What is o(-9)?
4
Let y(x) = -x**3 + 22*x**2 - 46*x - 6. Give y(19).
203
Let t(u) = -u**2 + 29*u - 49. Determine t(2).
5
Let s(t) = 140*t**2 + 168*t. Calculate s(-1).
-28
Let s(t) = -t**2 - 47*t - 303. Determine s(-7).
-23
Let u(m) = -m**2 + 37*m - 181. Determine u(5).
-21
Let l(w) = 22*w - 147. Give l(18).
249
Let z(d) = 52*d**2 + 6292*d + 8. Determine z(-121).
8
Let c(x) = x**2 + 14*x - 6. What is c(-14)?
-6
Let q(i) = i**3 + 4*i**2 - 17*i - 6. Determine q(-5).
54
Let b(o) = 2*o**2 - 78*o + 237. Determine b(36).
21
Let k(a) = -2*a**2 + 35*a - 142. Give k(7).
5
Let l(t) = 493*t + 12310. Calculate l(-25).
-15
Let r(l) = -36*l - 23. What is r(9)?
-347
Let r(p) = 2*p**3 + 56*p**2 + 58*p + 118. Calculate r(-27).
10
Let n(o) = o**2 - 16*o - 58. Determine n(-18).
554
Let l(b) = -1080*b - 5406. Determine l(-5).
-6
Let q(s) = 3411*s + 20579. Give q(-6).
113
Let y(v) = 10*v**2 + 62*v - 5. Determine y(-5).
-65
Let t(d) = 21*d**2 + 650*d - 25. Give t(-31).
6
Let s(d) = 16*d**3 + 9*d**2 - 3*d - 13. Calculate s(-1).
-17
Let v(g) = g**2 + 25*g + 99. Calculate v(-20).
-1
Let g(v) = 18*v - 24. What is g(11)?
174
Let v(l) = 58*l + 3287. Determine v(-57).
-19
Let n(q) = 44*q + 1521. What is n(-33)?
69
Let q(r) = -2*r**2 + 329*r - 12754. Determine q(102).
-4
Let j(r) = 22*r**2 + 85*r - 5. Calculate j(-4).
7
Let z(d) = 38*d**2 - 52*d + 50. Calculate z(1).
36
Let g(b) = -72*b - 3078. Calculate g(-42).
-54
Let c(i) = 40*i**3 + 17*i**2 - 6. Calculate c(2).
382
Let n(p) = -47*p + 19. Calculate n(3).
-122
Let o(f) = 5*f + 885. Calculate o(-32).
725
Let y(g) = -g**2 - 39*g + 5828. Determine y(-98).
46
Let p(f) = f**3 + 66*f**2 - 434*f - 136. Determine p(-72).
8
Let a(l) = 3*l**2 + 7*l - 161. What is a(10)?
209
Let o(n) = -74*n**2 + 14*n - 1. What is o(1)?
-61
Let r(w) = 4*w**3 + 7*w**2 + 12*w + 4. Calculate r(-1).
-5
Let l(h) = 238*h + 957. Give l(-4).
5
Let l(z) = z**2 + 42*z + 214. Calculate l(-36).
-2
Let n(b) = b**3 - 12*b**2 + 4*b - 28. What is n(12)?
20
Let n(r) = -36*r + 133. Calculate n(7).
-119
Let b(l) = -29*l + 561. Give b(8).
329
Let t(a) = -62*a**2 - a + 3. Give t(2).
-247
Let y(x) = 5*x**2 + 10*x - 9. Calculate y(-3).
6
Let t(b) = 15*b**2 - 97*b + 17. Calculate t(8).
201
Let i(x) = -16*x - 94. What is i(0)?
-94
Let y(z) = -3*z**2 + 19*z + 113. Determine y(-5).
-57
Let y(c) = -c**3 - 3*c**2 - 18*c - 43. Calculate y(-5).
97
Let o(a) = a**3 + 62*a**2 + 4*a + 247. What is o(-62)?
-1
Let r(d) = d**3 + 13*d**2 + 34*d - 7. Calculate r(-